ctor of 221 and 39?
13
What is the greatest common factor of 11 and 209?
11
Calculate the highest common divisor of 1225 and 150.
25
What is the highest common factor of 84 and 156?
12
What is the greatest common divisor of 30 and 80?
10
What is the greatest common divisor of 15410 and 230?
230
What is the greatest common divisor of 377 and 29?
29
Calculate the highest common divisor of 39 and 4407.
39
What is the greatest common divisor of 17 and 98?
1
What is the greatest common factor of 40 and 1780?
20
What is the highest common factor of 103 and 1?
1
Calculate the greatest common divisor of 7210 and 10.
10
What is the highest common divisor of 46 and 9407?
23
What is the highest common factor of 37 and 925?
37
Calculate the highest common factor of 703 and 19.
19
What is the highest common factor of 1111 and 66?
11
What is the greatest common divisor of 294 and 2793?
147
Calculate the greatest common divisor of 240 and 96.
48
Calculate the highest common divisor of 534 and 1513.
89
What is the greatest common divisor of 996 and 913?
83
Calculate the greatest common divisor of 154 and 182.
14
What is the highest common factor of 390 and 624?
78
What is the highest common divisor of 24 and 42?
6
What is the highest common divisor of 207 and 27?
9
Calculate the highest common factor of 69347 and 31.
31
Calculate the greatest common divisor of 438 and 6.
6
What is the greatest common factor of 1666 and 34?
34
Calculate the greatest common divisor of 853 and 2.
1
Calculate the greatest common divisor of 46 and 299.
23
Calculate the greatest common divisor of 136 and 1666.
34
What is the highest common factor of 1100 and 132?
44
Calculate the highest common factor of 471 and 314.
157
Calculate the greatest common factor of 20 and 1960.
20
Calculate the greatest common divisor of 4732 and 26.
26
What is the greatest common divisor of 6 and 1026?
6
What is the greatest common divisor of 35 and 371?
7
Calculate the highest common factor of 459 and 1989.
153
Calculate the greatest common divisor of 18 and 1332.
18
Calculate the highest common factor of 294 and 2016.
42
Calculate the highest common divisor of 2 and 60.
2
Calculate the greatest common factor of 47640 and 48.
24
What is the highest common divisor of 244 and 173972?
244
Calculate the highest common divisor of 891 and 55.
11
What is the greatest common divisor of 360 and 588?
12
Calculate the greatest common factor of 689 and 26.
13
What is the highest common factor of 54 and 405?
27
What is the highest common divisor of 2100 and 1650?
150
What is the highest common factor of 14 and 35?
7
Calculate the greatest common divisor of 10465 and 65.
65
Calculate the highest common divisor of 132 and 60.
12
What is the greatest common divisor of 174 and 39846?
174
Calculate the greatest common factor of 208 and 364.
52
What is the highest common divisor of 828 and 736?
92
Calculate the highest common divisor of 1299 and 9.
3
Calculate the greatest common divisor of 22 and 176.
22
What is the highest common divisor of 5547 and 516?
129
What is the highest common factor of 30 and 50?
10
Calculate the greatest common factor of 10783 and 41.
41
What is the highest common factor of 120 and 144?
24
Calculate the highest common factor of 36 and 12.
12
What is the greatest common divisor of 520 and 10?
10
Calculate the highest common factor of 81 and 1.
1
What is the greatest common factor of 205 and 10?
5
Calculate the highest common divisor of 19 and 1.
1
Calculate the highest common divisor of 136 and 44.
4
What is the highest common factor of 612 and 144?
36
What is the greatest common divisor of 1088 and 80?
16
Calculate the highest common factor of 133 and 189.
7
Calculate the greatest common divisor of 45 and 2115.
45
What is the greatest common divisor of 247 and 13?
13
What is the highest common divisor of 708 and 48?
12
What is the greatest common factor of 19264 and 128?
64
Calculate the highest common factor of 38 and 836.
38
Calculate the greatest common factor of 101 and 202.
101
What is the greatest common factor of 585 and 234?
117
What is the greatest common factor of 11 and 74338?
11
What is the highest common divisor of 1 and 47?
1
Calculate the greatest common divisor of 35 and 20.
5
Calculate the highest common divisor of 31 and 16.
1
What is the greatest common divisor of 54 and 117?
9
Calculate the greatest common factor of 17 and 1037.
17
What is the greatest common factor of 360 and 54?
18
What is the highest common divisor of 616 and 440?
88
Calculate the highest common divisor of 323 and 34.
17
What is the greatest common factor of 102 and 30?
6
What is the highest common factor of 2920 and 73?
73
Calculate the greatest common divisor of 2470 and 4750.
190
What is the highest common divisor of 87 and 319?
29
Calculate the greatest common divisor of 4122 and 18.
18
Calculate the greatest common divisor of 95 and 29735.
95
What is the highest common factor of 112 and 147?
7
Calculate the greatest common factor of 92 and 2116.
92
What is the highest common factor of 78 and 1430?
26
Calculate the greatest common divisor of 203 and 145.
29
What is the highest common divisor of 80 and 96?
16
What is the highest common factor of 873 and 9?
9
Calculate the greatest common factor of 5 and 8885.
5
Calculate the highest common factor of 581 and 747.
83
Calculate the highest common factor of 8113 and 1064.
133
Calculate the greatest common factor of 5 and 1165.
5
Calculate the highest common divisor of 101 and 1313.
101
What is the highest common divisor of 287 and 5904?
41
What is the greatest common divisor of 70 and 14?
14
Calculate the highest common divisor of 98 and 1666.
98
Calculate the greatest common divisor of 172 and 17114.
86
Calculate the highest common divisor of 13 and 6773.
13
What is the highest common factor of 230 and 50?
10
Calculate the greatest common factor of 995 and 15.
5
What is the greatest common divisor of 204 and 4692?
204
Calculate the highest common divisor of 3 and 19.
1
Calculate the highest common factor of 8 and 3.
1
Calculate the highest common factor of 186 and 279.
93
What is the highest common divisor of 40 and 50?
10
What is the highest common factor of 15 and 60?
15
What is the greatest common factor of 27 and 27?
27
What is the highest common factor of 11 and 228?
1
Calculate the greatest common factor of 12 and 132.
12
Calculate the highest common factor of 124 and 1252.
4
Calculate the greatest common factor of 45 and 21.
3
Calculate the highest common divisor of 18279 and 54.
27
What is the highest common divisor of 209 and 171?
19
Calculate the greatest common factor of 312 and 2444.
52
What is the greatest common divisor of 159 and 53?
53
Calculate the highest common divisor of 21084 and 84.
84
Calculate the highest common divisor of 26 and 3003.
13
Calculate the highest common divisor of 897 and 69.
69
Calculate the highest common divisor of 2409 and 3504.
219
Calculate the highest common factor of 1363 and 47.
47
Calculate the highest common divisor of 2294 and 111.
37
Calculate the highest common factor of 152 and 4.
4
What is the greatest common divisor of 525 and 5025?
75
What is the highest common divisor of 2366 and 28?
14
What is the greatest common divisor of 26 and 6994?
26
Calculate the highest common factor of 226 and 1243.
113
Calculate the highest common factor of 6137 and 34.
17
Calculate the highest common factor of 5236 and 1232.
308
What is the highest common factor of 936 and 1656?
72
What is the highest common factor of 729 and 162?
81
Calculate the highest common factor of 481 and 117.
13
What is the highest common factor of 32 and 992?
32
Calculate the greatest common factor of 7359 and 330.
33
What is the highest common factor of 210 and 48?
6
What is the highest common factor of 2 and 32?
2
Calculate the greatest common divisor of 33 and 11.
11
Calculate the greatest common divisor of 954 and 36.
18
Calculate the highest common divisor of 30 and 870.
30
Calculate the highest common factor of 7991 and 427.
61
What is the greatest common factor of 309 and 4120?
103
What is the highest common divisor of 89 and 1?
1
What is the greatest common factor of 335 and 5?
5
Calculate the highest common factor of 156 and 42